 127719 is divided by 589.
495
Calculate the remainder when 1966785131 is divided by 39.
38
Calculate the remainder when 35288 is divided by 35279.
9
Calculate the remainder when 309485 is divided by 1579.
1
What is the remainder when 130313 is divided by 21699?
119
What is the remainder when 374360 is divided by 26740?
0
Calculate the remainder when 313333 is divided by 802.
553
Calculate the remainder when 9093468 is divided by 718.
716
Calculate the remainder when 22774906 is divided by 4554981.
1
What is the remainder when 157472 is divided by 157436?
36
Calculate the remainder when 51997566 is divided by 56.
54
What is the remainder when 1573416 is divided by 21?
12
What is the remainder when 6468186 is divided by 30?
6
Calculate the remainder when 29106626 is divided by 249.
20
What is the remainder when 1515004 is divided by 32?
28
What is the remainder when 6899 is divided by 2886?
1127
What is the remainder when 142818 is divided by 207?
195
Calculate the remainder when 90389 is divided by 328.
189
What is the remainder when 34688 is divided by 53?
26
Calculate the remainder when 15510761 is divided by 4826.
4823
What is the remainder when 281425 is divided by 3262?
893
What is the remainder when 275148 is divided by 137536?
76
What is the remainder when 3973813 is divided by 14243?
16
What is the remainder when 11937650 is divided by 228?
26
What is the remainder when 2855397885 is divided by 42?
39
What is the remainder when 682670 is divided by 206?
192
Calculate the remainder when 187496 is divided by 2059.
127
Calculate the remainder when 541228 is divided by 849.
415
Calculate the remainder when 118839632 is divided by 4242.
2
Calculate the remainder when 454415 is divided by 937.
907
Calculate the remainder when 5259784 is divided by 744.
448
What is the remainder when 204651 is divided by 2192?
795
Calculate the remainder when 1328663 is divided by 1328663.
0
Calculate the remainder when 523997 is divided by 4224.
221
Calculate the remainder when 257133 is divided by 605.
8
What is the remainder when 84774392 is divided by 1324?
1320
Calculate the remainder when 12668429 is divided by 565.
564
What is the remainder when 41558 is divided by 202?
148
What is the remainder when 171323280 is divided by 1903?
1899
What is the remainder when 70125 is divided by 69864?
261
Calculate the remainder when 53807 is divided by 4432.
623
Calculate the remainder when 40431696 is divided by 1353.
1350
Calculate the remainder when 3469781 is divided by 64.
21
Calculate the remainder when 12241466 is divided by 489658.
16
Calculate the remainder when 14386291 is divided by 17.
7
Calculate the remainder when 94702173 is divided by 48.
45
What is the remainder when 68265804 is divided by 611?
607
What is the remainder when 55870987 is divided by 18623659?
10
Calculate the remainder when 9681 is divided by 6736.
2945
What is the remainder when 24934538 is divided by 6233630?
18
What is the remainder when 107830 is divided by 3686?
936
Calculate the remainder when 633727 is divided by 956.
855
What is the remainder when 43021 is divided by 14068?
817
What is the remainder when 11597385 is divided by 7852?
7833
What is the remainder when 1224286 is divided by 321?
313
Calculate the remainder when 100614 is divided by 872.
334
What is the remainder when 2947064 is divided by 1615?
1304
Calculate the remainder when 38165192 is divided by 61.
54
Calculate the remainder when 10391718 is divided by 51.
9
Calculate the remainder when 224578 is divided by 425.
178
What is the remainder when 21167337 is divided by 607?
33
What is the remainder when 227671644 is divided by 1883?
1880
Calculate the remainder when 526781 is divided by 175584.
29
What is the remainder when 2581411 is divided by 11224?
11115
What is the remainder when 2097204 is divided by 699033?
105
What is the remainder when 10575 is divided by 295?
250
Calculate the remainder when 400453 is divided by 290.
253
What is the remainder when 28008742 is divided by 2800873?
12
Calculate the remainder when 3893052 is divided by 1297675.
27
What is the remainder when 373547 is divided by 317?
121
What is the remainder when 64213379 is divided by 140?
139
What is the remainder when 1001103 is divided by 171?
69
Calculate the remainder when 5688620 is divided by 3166.
2484
Calculate the remainder when 85042 is divided by 40494.
4054
What is the remainder when 31399458 is divided by 997?
937
What is the remainder when 40422 is divided by 15630?
9162
Calculate the remainder when 1329931 is divided by 187.
174
Calculate the remainder when 91368 is divided by 1945.
1898
Calculate the remainder when 28852709 is divided by 49.
39
Calculate the remainder when 87549 is divided by 7805.
1694
Calculate the remainder when 8265997 is divided by 20.
17
Calculate the remainder when 5667293 is divided by 10673.
10603
What is the remainder when 5052323 is divided by 773?
768
Calculate the remainder when 1099659 is divided by 589.
585
Calculate the remainder when 4676876 is divided by 21067.
2
Calculate the remainder when 7457955 is divided by 2299.
2298
What is the remainder when 180756321 is divided by 5397?
5394
What is the remainder when 1655961 is divided by 551929?
174
Calculate the remainder when 8050468 is divided by 7955.
8
What is the remainder when 3404849 is divided by 54?
41
Calculate the remainder when 12900 is divided by 10.
0
Calculate the remainder when 171069635 is divided by 4.
3
Calculate the remainder when 215969 is divided by 107463.
1043
What is the remainder when 787658 is divided by 1537?
714
What is the remainder when 2228681 is divided by 386?
303
What is the remainder when 94080 is divided by 6479?
3374
What is the remainder when 9293613 is divided by 426?
423
Calculate the remainder when 75190695 is divided by 56.
55
Calculate the remainder when 5058563 is divided by 988.
3
What is the remainder when 2177560487 is divided by 23?
21
What is the remainder when 51389 is divided by 499?
491
Calculate the remainder when 884021 is divided by 340.
21
What is the remainder when 45481 is divided by 401?
168
Calculate the remainder when 6621425 is divided by 254670.
5
What is the remainder when 1361784 is divided by 1155?
39
What is the remainder when 4186184 is divided by 3003?
2
What is the remainder when 1060183307 is divided by 102?
101
What is the remainder when 114779 is divided by 6701?
862
Calculate the remainder when 49187259 is divided by 350.
9
What is the remainder when 32041 is divided by 1304?
745
What is the remainder when 1918759 is divided by 182?
115
What is the remainder when 652631 is divided by 81575?
31
Calculate the remainder when 6171167 is divided by 218.
23
What is the remainder when 290706 is divided by 35857?
3850
What is the remainder when 86506912 is divided by 1852?
1844
What is the remainder when 16017867 is divided by 26?
21
What is the remainder when 566443 is divided by 116?
15
Calculate the remainder when 27131542 is divided by 22.
20
Calculate the remainder when 1192591715 is divided by 11.
7
What is the remainder when 444412 is divided by 232?
132
What is the remainder when 16693 is divided by 2377?
54
Calculate the remainder when 34639 is divided by 34634.
5
What is the remainder when 15030736 is divided by 7?
0
What is the remainder when 304569 is divided by 37803?
2145
Calculate the remainder when 3193103 is divided by 601.
591
What is the remainder when 62950992 is divided by 1323?
6
Calculate the remainder when 3393006 is divided by 481.
32
Calculate the remainder when 12447815 is divided by 3315.
3305
Calculate the remainder when 923654 is divided by 161.
158
What is the remainder when 157930 is divided by 78856?
218
Calculate the remainder when 7375300 is divided by 386.
384
What is the remainder when 45653688 is divided by 41?
24
What is the remainder when 86796530 is divided by 978?
8
Calculate the remainder when 1052004 is divided by 903.
9
Calculate the remainder when 14945 is divided by 2533.
2280
What is the remainder when 35478050 is divided by 114?
110
Calculate the remainder when 48288 is divided by 96.
0
Calculate the remainder when 33568134 is divided by 112268.
2
Calculate the remainder when 9404 is divided by 195.
44
Calculate the remain